. Determine p(-57).
-372
Let u(k) = 11*k + 1364. Determine u(97).
2431
Let j(n) = -114*n**2 - 32774*n - 16068. Determine j(-287).
4
Let b(w) = 7*w**2 - 446*w - 305. What is b(64)?
-177
Let j(h) = -6*h**3 - 100*h**2 + 23*h - 202. Give j(-17).
-15
Let j(p) = -p**3 - 3*p**2 + 134*p - 339. Calculate j(3).
9
Let k(x) = -x**2 - 3063*x - 235824. Determine k(-79).
-88
Let l(q) = 889*q + 22867. What is l(-26)?
-247
Let a(z) = 144*z**2 - 6907*z + 171. Determine a(48).
411
Let x(m) = -6*m**2 + 581*m - 576. What is x(1)?
-1
Let d(i) = -41173*i - 41162. Calculate d(-1).
11
Let z(y) = y**3 + 5*y**2 + 614*y + 5457. Determine z(-9).
-393
Let o(h) = h**2 - 146*h - 860. Determine o(-6).
52
Let n(m) = -68*m - 1241. Determine n(-17).
-85
Let y(s) = -300*s**2 + 1226*s - 105. Give y(4).
-1
Let v(g) = -3*g**2 + 6228*g + 49908. Determine v(-8).
-108
Let g(j) = j**3 + 204*j**2 + 3682*j + 115. Give g(-184).
-253
Let w(b) = -683*b - 40342. What is w(-59)?
-45
Let i(s) = 6*s**3 + 16*s**2 - 553*s - 21. Calculate i(-11).
12
Let c(t) = -2*t**3 + 126*t**2 + 133*t - 331. What is c(64)?
-11
Let l(s) = -2056*s - 276870. Give l(-135).
690
Let l(w) = w**3 - 46*w**2 - 332*w + 1055. Give l(52).
15
Let q(v) = -v**3 - 67*v**2 + 467*v + 7498. Give q(-72).
-206
Let f(v) = 2036*v - 30329. Calculate f(15).
211
Let f(w) = 2203*w**2 + 26579*w + 14. What is f(-12)?
-1702
Let y(s) = -2*s**2 - s + 11795. Calculate y(-77).
14
Let b(o) = -o**2 + 13880*o + 83236. What is b(-6)?
-80
Let k(u) = 22*u**2 + 7500*u + 425947. What is k(-72)?
-5
Let c(n) = -22*n**2 + 117*n + 1469. What is c(11)?
94
Let f(h) = 3*h**2 + 70*h + 370. Determine f(-11).
-37
Let b(r) = -58*r**2 - 195*r - 564. Determine b(-3).
-501
Let h(y) = y**2 + 1365*y - 250547. What is h(164)?
209
Let t(z) = -9178*z - 2523949. Determine t(-275).
1
Let g(x) = -179*x**2 - 15192*x + 1952. What is g(-85)?
-3
Let a(c) = -2*c**3 - 101*c**2 - 152*c - 183. Give a(-49).
62
Let h(n) = -10*n**2 - 135*n + 229. What is h(-19)?
-816
Let p(t) = -t**2 - 19*t - 270. Give p(-34).
-780
Let z(p) = -p**3 + 12*p**2 + 3992*p - 51763. Calculate z(13).
-36
Let h(y) = 2*y**3 - 4*y**2 - 150*y + 622. Determine h(4).
86
Let t(x) = -3*x**2 + 27*x + 10. Calculate t(-7).
-326
Let j(m) = 3*m**2 + 50*m - 394. Calculate j(-16).
-426
Let f(w) = 69*w**3 - 503*w**2 - 1058*w - 52. Calculate f(9).
-16
Let h(l) = -l**3 + 18*l**2 + 118*l - 636. Give h(5).
279
Let r(o) = o**2 - 5*o - 1313. Give r(41).
163
Let y(m) = -657*m + 3924. Give y(6).
-18
Let c(k) = -21*k**3 - 11*k**2 + 59*k - 8. What is c(4)?
-1292
Let y(n) = -n**3 - 355*n**2 - 3453*n - 23. Calculate y(-10).
7
Let h(z) = -z**3 - 520*z**2 + 38*z + 19671. Determine h(-520).
-89
Let j(l) = 1346*l**2 + 13551*l + 911. Give j(-10).
1
Let z(j) = 139*j**2 - 3911*j + 15659. Give z(4).
2239
Let h(c) = c**3 + 1452*c**2 - 4141*c + 325912. Calculate h(-1455).
-8
Let o(t) = 555926*t + 2779625. What is o(-5)?
-5
Let c(k) = 35*k**3 - 438*k**2 - 732*k - 30. Determine c(14).
-86
Let u(w) = -25*w**2 - 559*w - 2241. What is u(-4)?
-405
Let o(f) = -17*f**2 - 500*f + 226. Determine o(-30).
-74
Let y(l) = -689*l - 23437. Give y(-35).
678
Let i(a) = -38*a**3 - 16*a**2 + 42*a - 39. Determine i(3).
-1083
Let v(t) = -14316*t + 112959. What is v(8)?
-1569
Let p(n) = 3960*n + 530640. Calculate p(-134).
0
Let c(f) = -f**3 + 10*f**2 - 10*f + 607. Determine c(13).
-30
Let r(x) = -3236*x + 475682. Give r(147).
-10
Let k(w) = -w**3 - 148*w**2 - 469*w + 15529. What is k(-144)?
121
Let p(j) = 2*j**2 - 68*j + 417. Determine p(5).
127
Let r(v) = -2*v**3 + 51*v**2 - 264*v - 475. What is r(10)?
-15
Let t(p) = -4*p**3 + 1775*p**2 + 353*p + 40413. Determine t(444).
9
Let v(x) = -30*x**3 - 57*x**2 - 8*x + 9. Calculate v(-3).
330
Let u(a) = 38*a**3 + 365*a**2 + 500*a + 87. What is u(-8)?
-9
Let t(w) = -2*w**3 + 107*w**2 + 307*w + 5226. Give t(57).
-18
Let p(j) = 113*j**2 - 337*j - 42. Give p(3).
-36
Let w(l) = -2*l**3 - 103*l**2 - 2972*l - 133615. Calculate w(-49).
8
Let r(o) = 3*o**3 - o**2 + 1545*o - 12517. Determine r(8).
1315
Let o(u) = -143*u + 24723. Give o(173).
-16
Let m(y) = -17024*y - 170322. Calculate m(-10).
-82
Let k(i) = -12*i**3 - i**2 + 136*i - 306. What is k(7)?
-3519
Let q(z) = 6*z**2 - 1508*z - 50640. What is q(-30)?
0
Let k(m) = 1037*m - 9410. Determine k(9).
-77
Let x(v) = -2*v**3 - 17*v**2 + 567*v + 2403. Calculate x(-4).
-9
Let z(g) = -209*g**2 + 1038*g - 24. Determine z(5).
-59
Let h(r) = 1983*r + 192372. Determine h(-97).
21
Let j(n) = n**3 + 11*n**2 + 309*n + 2971. Determine j(-10).
-19
Let f(g) = -81*g + 215. What is f(4)?
-109
Let v(k) = 23*k**2 - 662*k - 141. Calculate v(29).
4
Let t(k) = 6*k**3 - 614*k**2 + 181*k + 2396. Give t(102).
50
Let v(m) = -53*m**2 + 10463*m - 4308. Give v(197).
26
Let x(s) = -s**2 + 88515*s - 5837627. Calculate x(66).
7
Let q(v) = 71*v + 6709. What is q(-89)?
390
Let h(v) = -2*v**3 + 176*v**2 - 23*v + 1941. Give h(88).
-83
Let f(q) = 9*q**2 - 50969*q - 561731. Determine f(-11).
17
Let n(x) = 3*x**3 - 17*x**2 - 189*x - 261. Determine n(-8).
-1373
Let q(v) = 2*v**3 + 34*v**2 - 89*v - 224. Give q(-19).
23
Let p(q) = -8*q**2 - 1426*q + 5428. What is p(-182)?
-32
Let y(q) = 62*q + 4622. Calculate y(-72).
158
Let w(n) = 3945*n - 556251. What is w(141)?
-6
Let c(y) = -2514*y + 1299733. Calculate c(517).
-5
Let r(m) = 356512*m - 2495572. Give r(7).
12
Let c(k) = -902*k + 9164. Give c(10).
144
Let g(d) = 15161*d - 15274. Give g(1).
-113
Let u(x) = -11027*x - 44443. Give u(-4).
-335
Let m(n) = -18943*n - 719791. What is m(-38)?
43
Let j(w) = 69596*w - 3479740. What is j(50)?
60
Let j(v) = 7*v**3 - 65*v**2 + 397*v - 3404. Calculate j(9).
7
Let d(p) = 340*p - 6958. Calculate d(19).
-498
Let g(j) = 103*j**2 - 557*j + 561. Calculate g(4).
-19
Let f(v) = -v**3 - 55*v**2 - 412*v + 4485. Calculate f(-43).
13
Let j(v) = 2*v**3 - 19*v**2 - 9*v - 52. What is j(11)?
212
Let x(w) = 23*w + 251. Calculate x(-6).
113
Let t(r) = 799*r + 703914. Calculate t(-881).
-5
Let w(o) = -3*o**3 + 7*o**2 + 11*o + 66. Give w(5).
-79
Let y(s) = 4465*s + 25817. Calculate y(-6).
-973
Let l(h) = -2*h**2 + 1104*h - 67446. Determine l(482).
34
Let h(v) = -2*v**3 - 793*v**2 - 1304*v - 46974. What is h(-395)?
31
Let f(w) = -4*w**3 - 1292*w**2 + 2*w + 642. What is f(-323)?
-4
Let h(m) = 2*m**2 - 120756*m - 120755. Determine h(-1).
3
Let k(v) = 194*v - 2229. Determine k(16).
875
Let f(i) = i**3 + 51*i**2 + 65*i - 433. Determine f(-50).
-1183
Let v(q) = 1908558*q + 19085579. Give v(-10).
-1
Let f(v) = v**3 + 4821*v**2 + 9623*v - 30. Determine f(-2).
0
Let x(v) = 2*v**3 + 79*v**2 - 611*v - 20111. Calculate x(-41).
-103
Let m(n) = -2891*n + 37601. What is m(13)?
18
Let u(w) = 681*w + 72973. Give u(-107).
106
Let i(b) = -4176*b + 25042. Give i(6).
-14
Let h(a) = 589*a + 323376. Give h(-549).
15
Let r(y) = y**2 + 1213*y + 62579. Give r(-54).
-7
Let p(w) = -286689*w - 860067. What is p(-3)?
0
Let g(p) = -1499*p + 1001335. Calculate g(668).
3
Let b(k) = 205*k**2 - 21701*k - 3159. Give b(106).
-85
Let q(j) = -j**3 + 23*j**2 - 154*j + 266. Give q(12).
2
Let u(d) = -d**2 + 322777*d - 3227663. Calculate u(10).
7
Let w(b) = -35671*b + 1355508. Calculate w(38).
10
Let u(m) = -24767*m + 74304. What is u(3)?
3
Let c(b) = 1941*b - 209619. Give c(108).
9
Let a(s) = -368*s - 11414. Determine a(-31).
-6
Let p(j) = -21*j**2 + 6422*j - 90502. Determine p(291).
-1
Let m(b) = 42587*b - 511038. Calculate m(12).
6
Let r(n) = 639*n - 19254. Calculate r(30).
-84
Let b(l) = -l**3 - 69*l**2 + 6468*l + 19347. Give b(55).
-13
Let y(a) = -24073*a - 566. Give y(0).
-566
Let h(x) = -2*x**3 + 303*x**2 - 237*x + 12987. Give h(151).
1
Let f(k) = -k**3 + 9530*k**2 - 285008*k + 237. What is f(30)?
-3
Let w(y) = 2*y**3 + 70*y**2 - 169*y + 30. Give w(-37).
807
Let c(j) = -6*j**3 + 210*j**2 + 95*j + 698. Determine c(35).
4023
Let g(n) = -n**2 - 20721*n + 415025. Determine g(20).
205
Let a(l) = -83*l**3 - 8307*l**2 - 684*l + 1588. Determine a(-100).
-12
Let c(m) = 6401*m + 38514. Give c(-6).
108
Let o(t) = -22953*t + 596782. Give o(26).
4
Let n(o) = o**3 + 21*o**2 - 355*o - 6376. Calculate n(-25).
-1
Let i(b) = 2*b**2 - 2010*b - 70857. Give i(-34).
-205
Let q(v) = -3052*v - 2694896. What is q(-883)?
20
Let u(m) = m**3 + 20*m**2 + 67*m + 1433. Give u(-19).
521
Let a(g) = 203*g + 36807. Calculate a